{"id":80941,"date":"2019-09-28T20:18:50","date_gmt":"2019-09-28T20:18:50","guid":{"rendered":"https:\/\/matyodesign.hu\/?page_id=80941"},"modified":"2025-04-11T12:39:27","modified_gmt":"2025-04-11T10:39:27","slug":"somlo-tamas","status":"publish","type":"page","link":"https:\/\/matyodesign.hu\/de\/somlo-tamas\/","title":{"rendered":"Soml\u00f3 Tam\u00e1s"},"content":{"rendered":"<section class=\"wpb-content-wrapper\"><div class=\"vc_row wpb_row vc_row-fluid\" ><div class=\"wpb_column vc_column_container vc_col-sm-6\"><div class=\"vc_column-inner\"><div class=\"wpb_wrapper\">\n\t<div  class=\"wpb_single_image wpb_content_element vc_align_left\">\n\t\t\n\t\t<figure class=\"wpb_wrapper vc_figure\">\n\t\t\t<div class=\"vc_single_image-wrapper   vc_box_border_grey\"><img decoding=\"async\" class=\"vc_img-placeholder vc_single_image-img\" src=\"https:\/\/matyodesign.hu\/wp-content\/plugins\/js_composer\/assets\/vc\/no_image.png\" \/><\/div>\n\t\t<\/figure>\n\t<\/div>\n<\/div><\/div><\/div><div class=\"wpb_column vc_column_container vc_col-sm-6\"><div class=\"vc_column-inner\"><div class=\"wpb_wrapper\">\n\t<div class=\"wpb_text_column wpb_content_element\" >\n\t\t<div class=\"wpb_wrapper\">\n\t\t\t<div id=\"text-block-2\" class=\"mk-text-block\">\n<h3 class=\"shortcode-heading mk-fancy-title align-left\">SOML\u00d3 TAM\u00c1S, strat\u00e9giai tan\u00e1csad\u00f3<\/h3>\n<p>&nbsp;<\/p>\n<div>\n<div dir=\"ltr\">\n<div>\n<div>\n<div dir=\"ltr\">\n<div>\n<div dir=\"ltr\">\n<div>\n<div>\n<div>A matyodesign munk\u00e1j\u00e1ban strat\u00e9giai tan\u00e1csad\u00f3k\u00e9nt veszek r\u00e9szt, az \u00e9rt\u00e9kes\u00edt\u00e9s \u00e9p\u00edt\u00e9s\u00e9ben \u00e9s az operat\u00edv m\u0171k\u00f6d\u00e9s fejleszt\u00e9s\u00e9ben. A csapat kreat\u00edv \u00f6tleteit igyekszem mederbe terelni, azt a rengeteg energi\u00e1t amely ezt a folyamatosan n\u00f6vekv\u0151, izgalmas v\u00e1llalkoz\u00e1st hajtja. A nagy c\u00e9gek vil\u00e1ga ut\u00e1n friss\u00edt\u0151 volt ez a hozz\u00e1\u00e1ll\u00e1s, ez a gyors \u00e9s lelkes temp\u00f3,\u00a0 \u00e9s j\u00f3 \u00e9rz\u00e9s, hogy egy t\u00e1rsadalmi v\u00e1llalkoz\u00e1st seg\u00edtek a munk\u00e1mmal.<\/div>\n<\/div>\n<\/div>\n<\/div>\n<\/div>\n<\/div>\n<\/div>\n<\/div>\n<\/div>\n<div dir=\"ltr\">\n<div>\n<div>\n<div dir=\"ltr\">\n<div>\n<div dir=\"ltr\">\n<div>\n<div>\n<div><\/div>\n<\/div>\n<\/div>\n<\/div>\n<\/div>\n<\/div>\n<\/div>\n<\/div>\n<\/div>\n<\/div>\n<\/div>\n\n\t\t<\/div>\n\t<\/div>\n<\/div><\/div><\/div><\/div><div class=\"vc_row wpb_row vc_row-fluid\" ><div class=\"wpb_column vc_column_container vc_col-sm-12\"><div class=\"vc_column-inner\"><div class=\"wpb_wrapper\"><button class=\"wpb_button  wpb_wpb_button wpb_regularsize\">Text auf dem Button<\/button><\/div><\/div><\/div><\/div>\n<\/section>","protected":false},"excerpt":{"rendered":"<p>If you&#8217;d like to discuss working with us, find out more about the range of services we have to offer, or just want to have a chat, please get in touch.<\/p>","protected":false},"author":1,"featured_media":0,"parent":0,"menu_order":0,"comment_status":"closed","ping_status":"closed","template":"","meta":{"footnotes":""},"class_list":["post-80941","page","type-page","status-publish","hentry"],"yoast_head":"<!-- This site is optimized with the Yoast SEO plugin v27.5 - https:\/\/yoast.com\/product\/yoast-seo-wordpress\/ -->\n<title>Soml\u00f3 Tam\u00e1s \u2013 Maty\u00f3 h\u00edmz\u00e9s \u00e9s strat\u00e9gia<\/title>\n<meta name=\"description\" content=\"Soml\u00f3 Tam\u00e1s strat\u00e9giai tan\u00e1csad\u00f3k\u00e9nt seg\u00edti a Matyodesign csapat\u00e1t. Egyedi h\u00edmzett p\u00f3l\u00f3k, maty\u00f3 mint\u00e1s ruh\u00e1k \u00e9s magyar h\u00edmzett ruha web\u00e1ruh\u00e1z.\" \/>\n<meta name=\"robots\" content=\"index, follow, max-snippet:-1, max-image-preview:large, max-video-preview:-1\" \/>\n<link rel=\"canonical\" href=\"https:\/\/matyodesign.hu\/de\/somlo-tamas\/\" \/>\n<meta property=\"og:locale\" content=\"de_DE\" \/>\n<meta property=\"og:type\" content=\"article\" \/>\n<meta property=\"og:title\" content=\"Soml\u00f3 Tam\u00e1s \u2013 Maty\u00f3 h\u00edmz\u00e9s \u00e9s strat\u00e9gia\" \/>\n<meta property=\"og:description\" content=\"Soml\u00f3 Tam\u00e1s strat\u00e9giai tan\u00e1csad\u00f3k\u00e9nt seg\u00edti a Matyodesign csapat\u00e1t. Egyedi h\u00edmzett p\u00f3l\u00f3k, maty\u00f3 mint\u00e1s ruh\u00e1k \u00e9s magyar h\u00edmzett ruha web\u00e1ruh\u00e1z.\" \/>\n<meta property=\"og:url\" content=\"https:\/\/matyodesign.hu\/de\/somlo-tamas\/\" \/>\n<meta property=\"og:site_name\" content=\"matyodesign\" \/>\n<meta property=\"article:modified_time\" content=\"2025-04-11T10:39:27+00:00\" \/>\n<meta name=\"twitter:card\" content=\"summary_large_image\" \/>\n<meta name=\"twitter:label1\" content=\"Gesch\u00e4tzte Lesezeit\" \/>\n\t<meta name=\"twitter:data1\" content=\"1\u00a0Minute\" \/>\n<script type=\"application\/ld+json\" class=\"yoast-schema-graph\">{\"@context\":\"https:\\\/\\\/schema.org\",\"@graph\":[{\"@type\":\"WebPage\",\"@id\":\"https:\\\/\\\/matyodesign.hu\\\/somlo-tamas\\\/\",\"url\":\"https:\\\/\\\/matyodesign.hu\\\/somlo-tamas\\\/\",\"name\":\"Soml\u00f3 Tam\u00e1s \u2013 Maty\u00f3 h\u00edmz\u00e9s \u00e9s strat\u00e9gia\",\"isPartOf\":{\"@id\":\"https:\\\/\\\/matyodesign.hu\\\/#website\"},\"datePublished\":\"2019-09-28T20:18:50+00:00\",\"dateModified\":\"2025-04-11T10:39:27+00:00\",\"description\":\"Soml\u00f3 Tam\u00e1s strat\u00e9giai tan\u00e1csad\u00f3k\u00e9nt seg\u00edti a Matyodesign csapat\u00e1t. Egyedi h\u00edmzett p\u00f3l\u00f3k, maty\u00f3 mint\u00e1s ruh\u00e1k \u00e9s magyar h\u00edmzett ruha web\u00e1ruh\u00e1z.\",\"breadcrumb\":{\"@id\":\"https:\\\/\\\/matyodesign.hu\\\/somlo-tamas\\\/#breadcrumb\"},\"inLanguage\":\"de\",\"potentialAction\":[{\"@type\":\"ReadAction\",\"target\":[\"https:\\\/\\\/matyodesign.hu\\\/somlo-tamas\\\/\"]}]},{\"@type\":\"BreadcrumbList\",\"@id\":\"https:\\\/\\\/matyodesign.hu\\\/somlo-tamas\\\/#breadcrumb\",\"itemListElement\":[{\"@type\":\"ListItem\",\"position\":1,\"name\":\"Kezd\u0151lap\",\"item\":\"https:\\\/\\\/matyodesign.hu\\\/\"},{\"@type\":\"ListItem\",\"position\":2,\"name\":\"Soml\u00f3 Tam\u00e1s\"}]},{\"@type\":\"WebSite\",\"@id\":\"https:\\\/\\\/matyodesign.hu\\\/#website\",\"url\":\"https:\\\/\\\/matyodesign.hu\\\/\",\"name\":\"matyodesign\",\"description\":\"K\u00e9zzel. Szeretettel. Neked.\",\"potentialAction\":[{\"@type\":\"SearchAction\",\"target\":{\"@type\":\"EntryPoint\",\"urlTemplate\":\"https:\\\/\\\/matyodesign.hu\\\/?s={search_term_string}\"},\"query-input\":{\"@type\":\"PropertyValueSpecification\",\"valueRequired\":true,\"valueName\":\"search_term_string\"}}],\"inLanguage\":\"de\"}]}<\/script>\n<!-- \/ Yoast SEO plugin. -->","yoast_head_json":{"title":"Soml\u00f3 Tam\u00e1s \u2013 Maty\u00f3 h\u00edmz\u00e9s \u00e9s strat\u00e9gia","description":"Soml\u00f3 Tam\u00e1s strat\u00e9giai tan\u00e1csad\u00f3k\u00e9nt seg\u00edti a Matyodesign csapat\u00e1t. Egyedi h\u00edmzett p\u00f3l\u00f3k, maty\u00f3 mint\u00e1s ruh\u00e1k \u00e9s magyar h\u00edmzett ruha web\u00e1ruh\u00e1z.","robots":{"index":"index","follow":"follow","max-snippet":"max-snippet:-1","max-image-preview":"max-image-preview:large","max-video-preview":"max-video-preview:-1"},"canonical":"https:\/\/matyodesign.hu\/de\/somlo-tamas\/","og_locale":"de_DE","og_type":"article","og_title":"Soml\u00f3 Tam\u00e1s \u2013 Maty\u00f3 h\u00edmz\u00e9s \u00e9s strat\u00e9gia","og_description":"Soml\u00f3 Tam\u00e1s strat\u00e9giai tan\u00e1csad\u00f3k\u00e9nt seg\u00edti a Matyodesign csapat\u00e1t. Egyedi h\u00edmzett p\u00f3l\u00f3k, maty\u00f3 mint\u00e1s ruh\u00e1k \u00e9s magyar h\u00edmzett ruha web\u00e1ruh\u00e1z.","og_url":"https:\/\/matyodesign.hu\/de\/somlo-tamas\/","og_site_name":"matyodesign","article_modified_time":"2025-04-11T10:39:27+00:00","twitter_card":"summary_large_image","twitter_misc":{"Gesch\u00e4tzte Lesezeit":"1\u00a0Minute"},"schema":{"@context":"https:\/\/schema.org","@graph":[{"@type":"WebPage","@id":"https:\/\/matyodesign.hu\/somlo-tamas\/","url":"https:\/\/matyodesign.hu\/somlo-tamas\/","name":"Soml\u00f3 Tam\u00e1s \u2013 Maty\u00f3 h\u00edmz\u00e9s \u00e9s strat\u00e9gia","isPartOf":{"@id":"https:\/\/matyodesign.hu\/#website"},"datePublished":"2019-09-28T20:18:50+00:00","dateModified":"2025-04-11T10:39:27+00:00","description":"Soml\u00f3 Tam\u00e1s strat\u00e9giai tan\u00e1csad\u00f3k\u00e9nt seg\u00edti a Matyodesign csapat\u00e1t. Egyedi h\u00edmzett p\u00f3l\u00f3k, maty\u00f3 mint\u00e1s ruh\u00e1k \u00e9s magyar h\u00edmzett ruha web\u00e1ruh\u00e1z.","breadcrumb":{"@id":"https:\/\/matyodesign.hu\/somlo-tamas\/#breadcrumb"},"inLanguage":"de","potentialAction":[{"@type":"ReadAction","target":["https:\/\/matyodesign.hu\/somlo-tamas\/"]}]},{"@type":"BreadcrumbList","@id":"https:\/\/matyodesign.hu\/somlo-tamas\/#breadcrumb","itemListElement":[{"@type":"ListItem","position":1,"name":"Kezd\u0151lap","item":"https:\/\/matyodesign.hu\/"},{"@type":"ListItem","position":2,"name":"Soml\u00f3 Tam\u00e1s"}]},{"@type":"WebSite","@id":"https:\/\/matyodesign.hu\/#website","url":"https:\/\/matyodesign.hu\/","name":"matyodesign","description":"K\u00e9zzel. Szeretettel. Neked.","potentialAction":[{"@type":"SearchAction","target":{"@type":"EntryPoint","urlTemplate":"https:\/\/matyodesign.hu\/?s={search_term_string}"},"query-input":{"@type":"PropertyValueSpecification","valueRequired":true,"valueName":"search_term_string"}}],"inLanguage":"de"}]}},"_links":{"self":[{"href":"https:\/\/matyodesign.hu\/de\/wp-json\/wp\/v2\/pages\/80941","targetHints":{"allow":["GET"]}}],"collection":[{"href":"https:\/\/matyodesign.hu\/de\/wp-json\/wp\/v2\/pages"}],"about":[{"href":"https:\/\/matyodesign.hu\/de\/wp-json\/wp\/v2\/types\/page"}],"author":[{"embeddable":true,"href":"https:\/\/matyodesign.hu\/de\/wp-json\/wp\/v2\/users\/1"}],"replies":[{"embeddable":true,"href":"https:\/\/matyodesign.hu\/de\/wp-json\/wp\/v2\/comments?post=80941"}],"version-history":[{"count":1,"href":"https:\/\/matyodesign.hu\/de\/wp-json\/wp\/v2\/pages\/80941\/revisions"}],"predecessor-version":[{"id":99915,"href":"https:\/\/matyodesign.hu\/de\/wp-json\/wp\/v2\/pages\/80941\/revisions\/99915"}],"wp:attachment":[{"href":"https:\/\/matyodesign.hu\/de\/wp-json\/wp\/v2\/media?parent=80941"}],"curies":[{"name":"wp","href":"https:\/\/api.w.org\/{rel}","templated":true}]}}

Somló Tamás

<section class="wpb-content-wrapper"><div class="vc_row wpb_row vc_row-fluid" ><div class="wpb_column vc_column_container vc_col-sm-6"><div class="vc_column-inner"><div class="wpb_wrapper">
	<div  class="wpb_single_image wpb_content_element vc_align_left">
		
		<figure class="wpb_wrapper vc_figure">
			<div class="vc_single_image-wrapper   vc_box_border_grey"><img decoding="async" class="vc_img-placeholder vc_single_image-img" src="https://matyodesign.hu/wp-content/plugins/js_composer/assets/vc/no_image.png" /></div>
		</figure>
	</div>
</div></div></div><div class="wpb_column vc_column_container vc_col-sm-6"><div class="vc_column-inner"><div class="wpb_wrapper">
	<div class="wpb_text_column wpb_content_element" >
		<div class="wpb_wrapper">
			<div id="text-block-2" class="mk-text-block">
<h3 class="shortcode-heading mk-fancy-title align-left">SOMLÓ TAMÁS, stratégiai tanácsadó</h3>
<p>&nbsp;</p>
<div>
<div dir="ltr">
<div>
<div>
<div dir="ltr">
<div>
<div dir="ltr">
<div>
<div>
<div>A matyodesign munkájában stratégiai tanácsadóként veszek részt, az értékesítés építésében és az operatív működés fejlesztésében. A csapat kreatív ötleteit igyekszem mederbe terelni, azt a rengeteg energiát amely ezt a folyamatosan növekvő, izgalmas vállalkozást hajtja. A nagy cégek világa után frissítő volt ez a hozzáállás, ez a gyors és lelkes tempó,  és jó érzés, hogy egy társadalmi vállalkozást segítek a munkámmal.</div>
</div>
</div>
</div>
</div>
</div>
</div>
</div>
</div>
<div dir="ltr">
<div>
<div>
<div dir="ltr">
<div>
<div dir="ltr">
<div>
<div>
<div></div>
</div>
</div>
</div>
</div>
</div>
</div>
</div>
</div>
</div>
</div>

		</div>
	</div>
</div></div></div></div><div class="vc_row wpb_row vc_row-fluid" ><div class="wpb_column vc_column_container vc_col-sm-12"><div class="vc_column-inner"><div class="wpb_wrapper"><button class="wpb_button  wpb_wpb_button wpb_regularsize">Text auf dem Button</button></div></div></div></div>
</section>

<!-- This site is optimized with the Yoast SEO plugin v27.5 - https://yoast.com/product/yoast-seo-wordpress/ -->
<title>Somló Tamás – Matyó hímzés és stratégia</title>
<meta name="description" content="Somló Tamás stratégiai tanácsadóként segíti a Matyodesign csapatát. Egyedi hímzett pólók, matyó mintás ruhák és magyar hímzett ruha webáruház." />
<meta name="robots" content="index, follow, max-snippet:-1, max-image-preview:large, max-video-preview:-1" />
<link rel="canonical" href="https://matyodesign.hu/de/somlo-tamas/" />
<meta property="og:locale" content="de_DE" />
<meta property="og:type" content="article" />
<meta property="og:title" content="Somló Tamás – Matyó hímzés és stratégia" />
<meta property="og:description" content="Somló Tamás stratégiai tanácsadóként segíti a Matyodesign csapatát. Egyedi hímzett pólók, matyó mintás ruhák és magyar hímzett ruha webáruház." />
<meta property="og:url" content="https://matyodesign.hu/de/somlo-tamas/" />
<meta property="og:site_name" content="matyodesign" />
<meta property="article:modified_time" content="2025-04-11T10:39:27+00:00" />
<meta name="twitter:card" content="summary_large_image" />
<meta name="twitter:label1" content="Geschätzte Lesezeit" />
	<meta name="twitter:data1" content="1 Minute" />
<script type="application/ld+json" class="yoast-schema-graph">{"@context":"https:\/\/schema.org","@graph":[{"@type":"WebPage","@id":"https:\/\/matyodesign.hu\/somlo-tamas\/","url":"https:\/\/matyodesign.hu\/somlo-tamas\/","name":"Somló Tamás – Matyó hímzés és stratégia","isPartOf":{"@id":"https:\/\/matyodesign.hu\/#website"},"datePublished":"2019-09-28T20:18:50+00:00","dateModified":"2025-04-11T10:39:27+00:00","description":"Somló Tamás stratégiai tanácsadóként segíti a Matyodesign csapatát. Egyedi hímzett pólók, matyó mintás ruhák és magyar hímzett ruha webáruház.","breadcrumb":{"@id":"https:\/\/matyodesign.hu\/somlo-tamas\/#breadcrumb"},"inLanguage":"de","potentialAction":[{"@type":"ReadAction","target":["https:\/\/matyodesign.hu\/somlo-tamas\/"]}]},{"@type":"BreadcrumbList","@id":"https:\/\/matyodesign.hu\/somlo-tamas\/#breadcrumb","itemListElement":[{"@type":"ListItem","position":1,"name":"Kezdőlap","item":"https:\/\/matyodesign.hu\/"},{"@type":"ListItem","position":2,"name":"Somló Tamás"}]},{"@type":"WebSite","@id":"https:\/\/matyodesign.hu\/#website","url":"https:\/\/matyodesign.hu\/","name":"matyodesign","description":"Kézzel. Szeretettel. Neked.","potentialAction":[{"@type":"SearchAction","target":{"@type":"EntryPoint","urlTemplate":"https:\/\/matyodesign.hu\/?s={search_term_string}"},"query-input":{"@type":"PropertyValueSpecification","valueRequired":true,"valueName":"search_term_string"}}],"inLanguage":"de"}]}</script>
<!-- / Yoast SEO plugin. -->

Somló Tamás – Matyó hímzés és stratégia

Somló Tamás stratégiai tanácsadóként segíti a Matyodesign csapatát. Egyedi hímzett pólók, matyó mintás ruhák és magyar hímzett ruha webáruház.

Kezdőlap

Kézzel. Szeretettel. Neked.
