{"id":81377,"date":"2019-10-20T21:52:47","date_gmt":"2019-10-20T21:52:47","guid":{"rendered":"https:\/\/matyodesign.hu\/?page_id=81377"},"modified":"2025-04-11T12:40:15","modified_gmt":"2025-04-11T10:40:15","slug":"stefan_eva-2","status":"publish","type":"page","link":"https:\/\/matyodesign.hu\/en\/stefan_eva-2\/","title":{"rendered":"STEF\u00c1N \u00c9VA"},"content":{"rendered":"<section class=\"wpb-content-wrapper\"><div class=\"vc_row wpb_row vc_row-fluid\" ><div class=\"wpb_column vc_column_container vc_col-sm-6\"><div class=\"vc_column-inner\"><div class=\"wpb_wrapper\">\n\t<div  class=\"wpb_single_image wpb_content_element vc_align_left\">\n\t\t\n\t\t<figure class=\"wpb_wrapper vc_figure\">\n\t\t\t<div class=\"vc_single_image-wrapper   vc_box_border_grey\"><img decoding=\"async\" class=\"vc_img-placeholder vc_single_image-img\" src=\"https:\/\/matyodesign.hu\/wp-content\/plugins\/js_composer\/assets\/vc\/no_image.png\" \/><\/div>\n\t\t<\/figure>\n\t<\/div>\n<\/div><\/div><\/div><div class=\"wpb_column vc_column_container vc_col-sm-6\"><div class=\"vc_column-inner\"><div class=\"wpb_wrapper\">\n\t<div class=\"wpb_text_column wpb_content_element\" >\n\t\t<div class=\"wpb_wrapper\">\n\t\t\t<div id=\"text-block-2\" class=\"mk-text-block\">\n<h3 class=\"shortcode-heading mk-fancy-title align-left\">STEF\u00c1N \u00c9VA, h\u00edmz\u0151n\u0151<\/h3>\n<p>1955-ben sz\u00fclettem Tardon. \u00d3vodai dajkak\u00e9nt Rozi \u00f3vod\u00e1som volt, eml\u00e9kszem az aranybarna haj\u00fa mosolyg\u00f3s kisl\u00e1nyra \u00e9s a sz\u00fcleire is. A matyodesign nekem egyszerre munka, kikapcsol\u00f3d\u00e1s, \u00e9s anyagi seg\u00edts\u00e9g. Falusi gyerekk\u00e9nt nem sokszor j\u00e1rtam Budapesten, de nagy \u00f6r\u00f6m volt, amikor hat\u00e9ves koromban megl\u00e1ttam a Ferihegyi rep\u00fcl\u0151teret \u00e9s az \u00f3ri\u00e1si rep\u00fcl\u0151g\u00e9peket. \u00c9n Tardon sz\u00fclettem, itt szeretek \u00e9lni, \u00e9s b\u00fcszke vagyok a maty\u00f3s\u00e1gra, amir\u0151l az \u00e9n munk\u00e1mnak k\u00f6sz\u00f6nhet\u0151en is a falu egyre ink\u00e1bb h\u00edres.<\/p>\n<p>Mindenkinek azt a tan\u00e1csot adn\u00e1m, hogy tegye azt, amit \u0151 j\u00f3nak l\u00e1t \u00fagy, hogy ne feledkezzen meg az \u00e9rt\u00e9kekr\u0151l sem.<\/p>\n<div class=\"clearboth\"><\/div>\n<\/div>\n<div class=\"wpb_single_image wpb_content_element vc_align_left\">\n<figure class=\"wpb_wrapper vc_figure\">\n<div class=\"vc_single_image-wrapper vc_box_border_grey\"><\/div>\n<\/figure>\n<\/div>\n\n\t\t<\/div>\n\t<\/div>\n<\/div><\/div><\/div><\/div><div class=\"vc_row wpb_row vc_row-fluid\" ><div class=\"wpb_column vc_column_container vc_col-sm-12\"><div class=\"vc_column-inner\"><div class=\"wpb_wrapper\"><button class=\"wpb_button  wpb_wpb_button wpb_regularsize\">Text on the button<\/button><\/div><\/div><\/div><\/div>\n<\/section>","protected":false},"excerpt":{"rendered":"<p>If you&#8217;d like to discuss working with us, find out more about the range of services we have to offer, or just want to have a chat, please get in touch.<\/p>","protected":false},"author":1,"featured_media":0,"parent":0,"menu_order":0,"comment_status":"closed","ping_status":"closed","template":"","meta":{"footnotes":""},"class_list":["post-81377","page","type-page","status-publish","hentry"],"yoast_head":"<!-- This site is optimized with the Yoast SEO plugin v27.5 - https:\/\/yoast.com\/product\/yoast-seo-wordpress\/ -->\n<title>Stef\u00e1n \u00c9va \u2013 Maty\u00f3 h\u00edmz\u00e9s \u00e9s h\u00edmzett ruh\u00e1k Tardr\u00f3l<\/title>\n<meta name=\"description\" content=\"Stef\u00e1n \u00c9va h\u00edmz\u0151n\u0151k\u00e9nt er\u0151s\u00edti a Matyodesign csapat\u00e1t. Maty\u00f3 h\u00edmz\u00e9s modern ruh\u00e1kon: h\u00edmzett p\u00f3l\u00f3, magyar h\u00edmzett ruha \u00e9s egyedi kieg\u00e9sz\u00edt\u0151k.\" \/>\n<meta name=\"robots\" content=\"index, follow, max-snippet:-1, max-image-preview:large, max-video-preview:-1\" \/>\n<link rel=\"canonical\" href=\"https:\/\/matyodesign.hu\/en\/stefan_eva-2\/\" \/>\n<meta property=\"og:locale\" content=\"en_GB\" \/>\n<meta property=\"og:type\" content=\"article\" \/>\n<meta property=\"og:title\" content=\"Stef\u00e1n \u00c9va \u2013 Maty\u00f3 h\u00edmz\u00e9s \u00e9s h\u00edmzett ruh\u00e1k Tardr\u00f3l\" \/>\n<meta property=\"og:description\" content=\"Stef\u00e1n \u00c9va h\u00edmz\u0151n\u0151k\u00e9nt er\u0151s\u00edti a Matyodesign csapat\u00e1t. Maty\u00f3 h\u00edmz\u00e9s modern ruh\u00e1kon: h\u00edmzett p\u00f3l\u00f3, magyar h\u00edmzett ruha \u00e9s egyedi kieg\u00e9sz\u00edt\u0151k.\" \/>\n<meta property=\"og:url\" content=\"https:\/\/matyodesign.hu\/en\/stefan_eva-2\/\" \/>\n<meta property=\"og:site_name\" content=\"matyodesign\" \/>\n<meta property=\"article:modified_time\" content=\"2025-04-11T10:40:15+00:00\" \/>\n<meta name=\"twitter:card\" content=\"summary_large_image\" \/>\n<meta name=\"twitter:label1\" content=\"Estimated reading time\" \/>\n\t<meta name=\"twitter:data1\" content=\"1 minute\" \/>\n<script type=\"application\/ld+json\" class=\"yoast-schema-graph\">{\"@context\":\"https:\\\/\\\/schema.org\",\"@graph\":[{\"@type\":\"WebPage\",\"@id\":\"https:\\\/\\\/matyodesign.hu\\\/stefan_eva-2\\\/\",\"url\":\"https:\\\/\\\/matyodesign.hu\\\/stefan_eva-2\\\/\",\"name\":\"Stef\u00e1n \u00c9va \u2013 Maty\u00f3 h\u00edmz\u00e9s \u00e9s h\u00edmzett ruh\u00e1k Tardr\u00f3l\",\"isPartOf\":{\"@id\":\"https:\\\/\\\/matyodesign.hu\\\/#website\"},\"datePublished\":\"2019-10-20T21:52:47+00:00\",\"dateModified\":\"2025-04-11T10:40:15+00:00\",\"description\":\"Stef\u00e1n \u00c9va h\u00edmz\u0151n\u0151k\u00e9nt er\u0151s\u00edti a Matyodesign csapat\u00e1t. Maty\u00f3 h\u00edmz\u00e9s modern ruh\u00e1kon: h\u00edmzett p\u00f3l\u00f3, magyar h\u00edmzett ruha \u00e9s egyedi kieg\u00e9sz\u00edt\u0151k.\",\"breadcrumb\":{\"@id\":\"https:\\\/\\\/matyodesign.hu\\\/stefan_eva-2\\\/#breadcrumb\"},\"inLanguage\":\"en-GB\",\"potentialAction\":[{\"@type\":\"ReadAction\",\"target\":[\"https:\\\/\\\/matyodesign.hu\\\/stefan_eva-2\\\/\"]}]},{\"@type\":\"BreadcrumbList\",\"@id\":\"https:\\\/\\\/matyodesign.hu\\\/stefan_eva-2\\\/#breadcrumb\",\"itemListElement\":[{\"@type\":\"ListItem\",\"position\":1,\"name\":\"Kezd\u0151lap\",\"item\":\"https:\\\/\\\/matyodesign.hu\\\/\"},{\"@type\":\"ListItem\",\"position\":2,\"name\":\"STEF\u00c1N \u00c9VA\"}]},{\"@type\":\"WebSite\",\"@id\":\"https:\\\/\\\/matyodesign.hu\\\/#website\",\"url\":\"https:\\\/\\\/matyodesign.hu\\\/\",\"name\":\"matyodesign\",\"description\":\"K\u00e9zzel. Szeretettel. Neked.\",\"potentialAction\":[{\"@type\":\"SearchAction\",\"target\":{\"@type\":\"EntryPoint\",\"urlTemplate\":\"https:\\\/\\\/matyodesign.hu\\\/?s={search_term_string}\"},\"query-input\":{\"@type\":\"PropertyValueSpecification\",\"valueRequired\":true,\"valueName\":\"search_term_string\"}}],\"inLanguage\":\"en-GB\"}]}<\/script>\n<!-- \/ Yoast SEO plugin. -->","yoast_head_json":{"title":"Stef\u00e1n \u00c9va \u2013 Maty\u00f3 h\u00edmz\u00e9s \u00e9s h\u00edmzett ruh\u00e1k Tardr\u00f3l","description":"Stef\u00e1n \u00c9va h\u00edmz\u0151n\u0151k\u00e9nt er\u0151s\u00edti a Matyodesign csapat\u00e1t. Maty\u00f3 h\u00edmz\u00e9s modern ruh\u00e1kon: h\u00edmzett p\u00f3l\u00f3, magyar h\u00edmzett ruha \u00e9s egyedi kieg\u00e9sz\u00edt\u0151k.","robots":{"index":"index","follow":"follow","max-snippet":"max-snippet:-1","max-image-preview":"max-image-preview:large","max-video-preview":"max-video-preview:-1"},"canonical":"https:\/\/matyodesign.hu\/en\/stefan_eva-2\/","og_locale":"en_GB","og_type":"article","og_title":"Stef\u00e1n \u00c9va \u2013 Maty\u00f3 h\u00edmz\u00e9s \u00e9s h\u00edmzett ruh\u00e1k Tardr\u00f3l","og_description":"Stef\u00e1n \u00c9va h\u00edmz\u0151n\u0151k\u00e9nt er\u0151s\u00edti a Matyodesign csapat\u00e1t. Maty\u00f3 h\u00edmz\u00e9s modern ruh\u00e1kon: h\u00edmzett p\u00f3l\u00f3, magyar h\u00edmzett ruha \u00e9s egyedi kieg\u00e9sz\u00edt\u0151k.","og_url":"https:\/\/matyodesign.hu\/en\/stefan_eva-2\/","og_site_name":"matyodesign","article_modified_time":"2025-04-11T10:40:15+00:00","twitter_card":"summary_large_image","twitter_misc":{"Estimated reading time":"1 minute"},"schema":{"@context":"https:\/\/schema.org","@graph":[{"@type":"WebPage","@id":"https:\/\/matyodesign.hu\/stefan_eva-2\/","url":"https:\/\/matyodesign.hu\/stefan_eva-2\/","name":"Stef\u00e1n \u00c9va \u2013 Maty\u00f3 h\u00edmz\u00e9s \u00e9s h\u00edmzett ruh\u00e1k Tardr\u00f3l","isPartOf":{"@id":"https:\/\/matyodesign.hu\/#website"},"datePublished":"2019-10-20T21:52:47+00:00","dateModified":"2025-04-11T10:40:15+00:00","description":"Stef\u00e1n \u00c9va h\u00edmz\u0151n\u0151k\u00e9nt er\u0151s\u00edti a Matyodesign csapat\u00e1t. Maty\u00f3 h\u00edmz\u00e9s modern ruh\u00e1kon: h\u00edmzett p\u00f3l\u00f3, magyar h\u00edmzett ruha \u00e9s egyedi kieg\u00e9sz\u00edt\u0151k.","breadcrumb":{"@id":"https:\/\/matyodesign.hu\/stefan_eva-2\/#breadcrumb"},"inLanguage":"en-GB","potentialAction":[{"@type":"ReadAction","target":["https:\/\/matyodesign.hu\/stefan_eva-2\/"]}]},{"@type":"BreadcrumbList","@id":"https:\/\/matyodesign.hu\/stefan_eva-2\/#breadcrumb","itemListElement":[{"@type":"ListItem","position":1,"name":"Kezd\u0151lap","item":"https:\/\/matyodesign.hu\/"},{"@type":"ListItem","position":2,"name":"STEF\u00c1N \u00c9VA"}]},{"@type":"WebSite","@id":"https:\/\/matyodesign.hu\/#website","url":"https:\/\/matyodesign.hu\/","name":"matyodesign","description":"K\u00e9zzel. Szeretettel. Neked.","potentialAction":[{"@type":"SearchAction","target":{"@type":"EntryPoint","urlTemplate":"https:\/\/matyodesign.hu\/?s={search_term_string}"},"query-input":{"@type":"PropertyValueSpecification","valueRequired":true,"valueName":"search_term_string"}}],"inLanguage":"en-GB"}]}},"_links":{"self":[{"href":"https:\/\/matyodesign.hu\/en\/wp-json\/wp\/v2\/pages\/81377","targetHints":{"allow":["GET"]}}],"collection":[{"href":"https:\/\/matyodesign.hu\/en\/wp-json\/wp\/v2\/pages"}],"about":[{"href":"https:\/\/matyodesign.hu\/en\/wp-json\/wp\/v2\/types\/page"}],"author":[{"embeddable":true,"href":"https:\/\/matyodesign.hu\/en\/wp-json\/wp\/v2\/users\/1"}],"replies":[{"embeddable":true,"href":"https:\/\/matyodesign.hu\/en\/wp-json\/wp\/v2\/comments?post=81377"}],"version-history":[{"count":2,"href":"https:\/\/matyodesign.hu\/en\/wp-json\/wp\/v2\/pages\/81377\/revisions"}],"predecessor-version":[{"id":102575,"href":"https:\/\/matyodesign.hu\/en\/wp-json\/wp\/v2\/pages\/81377\/revisions\/102575"}],"wp:attachment":[{"href":"https:\/\/matyodesign.hu\/en\/wp-json\/wp\/v2\/media?parent=81377"}],"curies":[{"name":"wp","href":"https:\/\/api.w.org\/{rel}","templated":true}]}}

STEFÁN ÉVA

<section class="wpb-content-wrapper"><div class="vc_row wpb_row vc_row-fluid" ><div class="wpb_column vc_column_container vc_col-sm-6"><div class="vc_column-inner"><div class="wpb_wrapper">
	<div  class="wpb_single_image wpb_content_element vc_align_left">
		
		<figure class="wpb_wrapper vc_figure">
			<div class="vc_single_image-wrapper   vc_box_border_grey"><img decoding="async" class="vc_img-placeholder vc_single_image-img" src="https://matyodesign.hu/wp-content/plugins/js_composer/assets/vc/no_image.png" /></div>
		</figure>
	</div>
</div></div></div><div class="wpb_column vc_column_container vc_col-sm-6"><div class="vc_column-inner"><div class="wpb_wrapper">
	<div class="wpb_text_column wpb_content_element" >
		<div class="wpb_wrapper">
			<div id="text-block-2" class="mk-text-block">
<h3 class="shortcode-heading mk-fancy-title align-left">STEFÁN ÉVA, hímzőnő</h3>
<p>1955-ben születtem Tardon. Óvodai dajkaként Rozi óvodásom volt, emlékszem az aranybarna hajú mosolygós kislányra és a szüleire is. A matyodesign nekem egyszerre munka, kikapcsolódás, és anyagi segítség. Falusi gyerekként nem sokszor jártam Budapesten, de nagy öröm volt, amikor hatéves koromban megláttam a Ferihegyi repülőteret és az óriási repülőgépeket. Én Tardon születtem, itt szeretek élni, és büszke vagyok a matyóságra, amiről az én munkámnak köszönhetően is a falu egyre inkább híres.</p>
<p>Mindenkinek azt a tanácsot adnám, hogy tegye azt, amit ő jónak lát úgy, hogy ne feledkezzen meg az értékekről sem.</p>
<div class="clearboth"></div>
</div>
<div class="wpb_single_image wpb_content_element vc_align_left">
<figure class="wpb_wrapper vc_figure">
<div class="vc_single_image-wrapper vc_box_border_grey"></div>
</figure>
</div>

		</div>
	</div>
</div></div></div></div><div class="vc_row wpb_row vc_row-fluid" ><div class="wpb_column vc_column_container vc_col-sm-12"><div class="vc_column-inner"><div class="wpb_wrapper"><button class="wpb_button  wpb_wpb_button wpb_regularsize">Text on the button</button></div></div></div></div>
</section>

<!-- This site is optimized with the Yoast SEO plugin v27.5 - https://yoast.com/product/yoast-seo-wordpress/ -->
<title>Stefán Éva – Matyó hímzés és hímzett ruhák Tardról</title>
<meta name="description" content="Stefán Éva hímzőnőként erősíti a Matyodesign csapatát. Matyó hímzés modern ruhákon: hímzett póló, magyar hímzett ruha és egyedi kiegészítők." />
<meta name="robots" content="index, follow, max-snippet:-1, max-image-preview:large, max-video-preview:-1" />
<link rel="canonical" href="https://matyodesign.hu/en/stefan_eva-2/" />
<meta property="og:locale" content="en_GB" />
<meta property="og:type" content="article" />
<meta property="og:title" content="Stefán Éva – Matyó hímzés és hímzett ruhák Tardról" />
<meta property="og:description" content="Stefán Éva hímzőnőként erősíti a Matyodesign csapatát. Matyó hímzés modern ruhákon: hímzett póló, magyar hímzett ruha és egyedi kiegészítők." />
<meta property="og:url" content="https://matyodesign.hu/en/stefan_eva-2/" />
<meta property="og:site_name" content="matyodesign" />
<meta property="article:modified_time" content="2025-04-11T10:40:15+00:00" />
<meta name="twitter:card" content="summary_large_image" />
<meta name="twitter:label1" content="Estimated reading time" />
	<meta name="twitter:data1" content="1 minute" />
<script type="application/ld+json" class="yoast-schema-graph">{"@context":"https:\/\/schema.org","@graph":[{"@type":"WebPage","@id":"https:\/\/matyodesign.hu\/stefan_eva-2\/","url":"https:\/\/matyodesign.hu\/stefan_eva-2\/","name":"Stefán Éva – Matyó hímzés és hímzett ruhák Tardról","isPartOf":{"@id":"https:\/\/matyodesign.hu\/#website"},"datePublished":"2019-10-20T21:52:47+00:00","dateModified":"2025-04-11T10:40:15+00:00","description":"Stefán Éva hímzőnőként erősíti a Matyodesign csapatát. Matyó hímzés modern ruhákon: hímzett póló, magyar hímzett ruha és egyedi kiegészítők.","breadcrumb":{"@id":"https:\/\/matyodesign.hu\/stefan_eva-2\/#breadcrumb"},"inLanguage":"en-GB","potentialAction":[{"@type":"ReadAction","target":["https:\/\/matyodesign.hu\/stefan_eva-2\/"]}]},{"@type":"BreadcrumbList","@id":"https:\/\/matyodesign.hu\/stefan_eva-2\/#breadcrumb","itemListElement":[{"@type":"ListItem","position":1,"name":"Kezdőlap","item":"https:\/\/matyodesign.hu\/"},{"@type":"ListItem","position":2,"name":"STEFÁN ÉVA"}]},{"@type":"WebSite","@id":"https:\/\/matyodesign.hu\/#website","url":"https:\/\/matyodesign.hu\/","name":"matyodesign","description":"Kézzel. Szeretettel. Neked.","potentialAction":[{"@type":"SearchAction","target":{"@type":"EntryPoint","urlTemplate":"https:\/\/matyodesign.hu\/?s={search_term_string}"},"query-input":{"@type":"PropertyValueSpecification","valueRequired":true,"valueName":"search_term_string"}}],"inLanguage":"en-GB"}]}</script>
<!-- / Yoast SEO plugin. -->

Stefán Éva – Matyó hímzés és hímzett ruhák Tardról

Stefán Éva hímzőnőként erősíti a Matyodesign csapatát. Matyó hímzés modern ruhákon: hímzett póló, magyar hímzett ruha és egyedi kiegészítők.

Kezdőlap

Kézzel. Szeretettel. Neked.
